{"id":4664,"date":"2023-08-04T20:27:59","date_gmt":"2023-08-04T23:27:59","guid":{"rendered":"https:\/\/ens5-caba.infd.edu.ar\/sitio\/?page_id=4664"},"modified":"2023-10-30T09:04:11","modified_gmt":"2023-10-30T12:04:11","slug":"biblioteca-central","status":"publish","type":"page","link":"https:\/\/ens5-caba.infd.edu.ar\/sitio\/biblioteca-central\/","title":{"rendered":"Biblioteca Central"},"content":{"rendered":"\n<div style=\"height:9px\" aria-hidden=\"true\" id=\"Menu\" class=\"wp-block-spacer\"><\/div>\n\n\n\n<p class=\"has-text-align-right has-accent-color has-text-color\" id=\"-horario\" style=\"font-size:15px\"><strong> <a href=\"#horario\" data-type=\"internal\" data-id=\"#horario\">Horario<\/a>  | <a href=\"#direccion\" data-type=\"internal\" data-id=\"#direccion\">Direcci\u00f3n<\/a> | <a href=\"#servicios\" data-type=\"internal\" data-id=\"#servicios\">Servicios <\/a>| <a href=\"#sueltas\" data-type=\"internal\" data-id=\"#sueltas\">Sueltas<\/a> | Galer\u00eda <\/strong><\/p>\n\n\n\n<div style=\"height:20px\" aria-hidden=\"true\" class=\"wp-block-spacer\"><\/div>\n\n\n\n<div class=\"alignwide\"><div id=\"metaslider-id-4741\" style=\"max-width: 700px; margin: 0 auto;\" class=\"ml-slider-3-33-0 metaslider metaslider-nivo metaslider-4741 ml-slider ms-theme-cubic has-dots-nav\" role=\"region\" aria-roledescription=\"Slideshow\" aria-label=\"Slideshow\">\n    <div id=\"metaslider_container_4741\">\n        <div class='slider-wrapper theme-default'><div class='ribbon'><\/div><div id='metaslider_4741' class='nivoSlider'><img src=\"https:\/\/ens5-caba.infd.edu.ar\/sitio\/wp-content\/uploads\/2023\/08\/labratorio-015-biblioteca-scaled-700x500.jpg\" height=\"500\" width=\"700\" title=\"labratorio 015 biblioteca\" alt=\"\" class=\"slider-4741 slide-4742\" \/><img src=\"https:\/\/ens5-caba.infd.edu.ar\/sitio\/wp-content\/uploads\/2023\/08\/IMG-20230712-WA0009-700x500.jpg\" height=\"500\" width=\"700\" title=\"IMG-20230712-WA0009\" alt=\"\" class=\"slider-4741 slide-4743\" \/><img src=\"https:\/\/ens5-caba.infd.edu.ar\/sitio\/wp-content\/uploads\/2023\/08\/IMG-20230712-WA0008-700x500.jpg\" height=\"500\" width=\"700\" title=\"IMG-20230712-WA0008\" alt=\"\" class=\"slider-4741 slide-4744\" \/><img src=\"https:\/\/ens5-caba.infd.edu.ar\/sitio\/wp-content\/uploads\/2023\/08\/IMG-20230712-WA0007-700x500.jpg\" height=\"500\" width=\"700\" title=\"IMG-20230712-WA0007\" alt=\"\" class=\"slider-4741 slide-4745\" \/><img src=\"https:\/\/ens5-caba.infd.edu.ar\/sitio\/wp-content\/uploads\/2023\/08\/IMG-20230712-WA0006-700x500.jpg\" height=\"500\" width=\"700\" title=\"IMG-20230712-WA0006\" alt=\"\" class=\"slider-4741 slide-4746\" \/><img src=\"https:\/\/ens5-caba.infd.edu.ar\/sitio\/wp-content\/uploads\/2023\/08\/IMG-20230712-WA0005-700x500.jpg\" height=\"500\" width=\"700\" title=\"IMG-20230712-WA0005\" alt=\"\" class=\"slider-4741 slide-4747\" \/><img src=\"https:\/\/ens5-caba.infd.edu.ar\/sitio\/wp-content\/uploads\/2023\/08\/IMG-20230712-WA0004-700x500.jpg\" height=\"500\" width=\"700\" title=\"IMG-20230712-WA0004\" alt=\"\" class=\"slider-4741 slide-4748\" \/><\/div><\/div>\n        \n    <\/div>\n<\/div><\/div>\n\n\n\n<p><\/p>\n\n\n\n<p>La Biblioteca Clotilde Guill\u00e9n de Rezzano cuenta con una biblioteca central, hist\u00f3rica creada en 1919, ubicada en el Nivel Medio y otras dos bibliotecas especializadas en los niveles terciario y primario. Adem\u00e1s, el nivel inicial cuenta con bibliotecas en cada una de sus salas.<\/p>\n\n\n\n<p>Nuestra Biblioteca ha sido concebida como un centro de Documentaci\u00f3n que gestiona una gran cantidad de recursos que sirven de apoyatura en el proceso de ense\u00f1anza aprendizaje de los cuatro niveles de la ENS. As\u00ed, incluye adem\u00e1s de las bibliotecas mencionadas, un archivo hist\u00f3rico museo, una mapoteca y una sala digital.<\/p>\n\n\n<div class=\"wp-block-image\">\n<figure class=\"aligncenter size-full is-resized\"><a href=\"https:\/\/www.instagram.com\/clotildeguillenderezzano\/\" target=\"_blank\" rel=\"noreferrer noopener\"><img decoding=\"async\" loading=\"lazy\" src=\"https:\/\/ens5-caba.infd.edu.ar\/sitio\/wp-content\/uploads\/2023\/10\/Btn_Ig_Biblioteca.png\" alt=\"\" class=\"wp-image-4875\" width=\"371\" height=\"131\"\/><\/a><\/figure><\/div>\n\n\n<div style=\"height:20px\" aria-hidden=\"true\" class=\"wp-block-spacer\"><\/div>\n\n\n\n<p id=\"horario\"><strong>Horario de Atenci\u00f3n<\/strong><\/p>\n\n\n\n<p>Lunes a viernes de 7.45 a 15 hs<\/p>\n\n\n\n<div style=\"height:20px\" aria-hidden=\"true\" class=\"wp-block-spacer\"><\/div>\n\n\n\n<p id=\"direccion\"><strong>Direcci\u00f3n de Atenci\u00f3n<\/strong><\/p>\n\n\n\n<p>Arcamendia 743 PB<\/p>\n\n\n\n<p>Tel: 4301-6688\/ Int 1206<br><\/p>\n\n\n\n<div class=\"wp-block-buttons has-custom-font-size has-small-font-size is-content-justification-right is-layout-flex wp-container-1\">\n<div class=\"wp-block-button\"><a class=\"wp-block-button__link wp-element-button\" href=\"#Menu\">Subir<\/a><\/div>\n<\/div>\n\n\n\n<p class=\"has-contrast-2-color has-text-color\" id=\"servicios\" style=\"font-size:18px\"><strong>Servicios que ofrece<\/strong><\/p>\n\n\n\n<ul>\n<li>Consulta en sala de Biblioteca.<\/li>\n\n\n\n<li>Servicio de referencia.<\/li>\n\n\n\n<li>Pr\u00e9stamo de libros para el aula.<\/li>\n\n\n\n<li>Pr\u00e9stamo de libros a domicilio<\/li>\n\n\n\n<li>Pr\u00e9stamo anual de libros de texto -consensuado con los docentes de las diferentes \u00e1reas-<\/li>\n\n\n\n<li>Consulta del archivo hist\u00f3rico\/ Museo, mapoteca, videoteca.<\/li>\n\n\n\n<li>(Coordinar con los responsables de cada sector)<\/li>\n<\/ul>\n\n\n\n<div class=\"wp-block-buttons has-custom-font-size has-small-font-size is-content-justification-right is-layout-flex wp-container-2\">\n<div class=\"wp-block-button\"><a class=\"wp-block-button__link wp-element-button\" href=\"#Menu\">Subir<\/a><\/div>\n<\/div>\n\n\n\n<p class=\"has-contrast-2-color has-text-color\" style=\"font-size:18px\"><strong>L\u00edneas de Acci\u00f3n<\/strong> <\/p>\n\n\n\n<p class=\"has-contrast-2-color has-text-color\" style=\"font-size:16px\"><em>-Todas ellas se encuentran enmarcadas en el objetivo de facilitar el acceso y la democratizaci\u00f3n de la cultura-<\/em><\/p>\n\n\n\n<ul>\n<li>Desarrollo de la Colecci\u00f3n<\/li>\n\n\n\n<li>Difusi\u00f3n selectiva de la informaci\u00f3n<\/li>\n\n\n\n<li>Bibliodiversidad<\/li>\n\n\n\n<li>Formaci\u00f3n de usuarios&nbsp; aut\u00f3nomos y cr\u00edticos<\/li>\n\n\n\n<li>ALFIN (Alfabetizaci\u00f3n Informacional)<\/li>\n\n\n\n<li>Gesti\u00f3n de recursos para la elaboraci\u00f3n de marcos te\u00f3ricos para los distintos proyectos que se desarrollan en la instituci\u00f3n. Tanto intra e interniveles, como as\u00ed tambi\u00e9n con otras instituciones barriales.<\/li>\n<\/ul>\n\n\n\n<div class=\"wp-block-buttons has-custom-font-size has-small-font-size is-content-justification-right is-layout-flex wp-container-3\">\n<div class=\"wp-block-button\"><a class=\"wp-block-button__link wp-element-button\" href=\"#Menu\">Subir<\/a><\/div>\n<\/div>\n\n\n\n<h5 class=\"wp-block-heading\" id=\"sueltas\">Suelta de Libros<\/h5>\n\n\n\n<div class=\"wp-block-columns is-layout-flex wp-container-7\">\n<div class=\"wp-block-column is-layout-flow\">\n<figure class=\"wp-block-image size-full is-style-default\"><img decoding=\"async\" loading=\"lazy\" width=\"720\" height=\"1280\" src=\"https:\/\/ens5-caba.infd.edu.ar\/sitio\/wp-content\/uploads\/2023\/07\/suelta3.jpg\" alt=\"\" class=\"wp-image-4689\" srcset=\"https:\/\/ens5-caba.infd.edu.ar\/sitio\/wp-content\/uploads\/2023\/07\/suelta3.jpg 720w, https:\/\/ens5-caba.infd.edu.ar\/sitio\/wp-content\/uploads\/2023\/07\/suelta3-563x1000.jpg 563w\" sizes=\"(max-width: 720px) 100vw, 720px\" \/><\/figure>\n<\/div>\n\n\n\n<div class=\"wp-block-column is-layout-flow\">\n<figure class=\"wp-block-image size-full is-style-default\"><img decoding=\"async\" loading=\"lazy\" width=\"720\" height=\"1280\" src=\"https:\/\/ens5-caba.infd.edu.ar\/sitio\/wp-content\/uploads\/2023\/07\/suelta2.jpg\" alt=\"\" class=\"wp-image-4690\" srcset=\"https:\/\/ens5-caba.infd.edu.ar\/sitio\/wp-content\/uploads\/2023\/07\/suelta2.jpg 720w, https:\/\/ens5-caba.infd.edu.ar\/sitio\/wp-content\/uploads\/2023\/07\/suelta2-563x1000.jpg 563w\" sizes=\"(max-width: 720px) 100vw, 720px\" \/><\/figure>\n<\/div>\n\n\n\n<div class=\"wp-block-column is-layout-flow\">\n<figure class=\"wp-block-image size-full is-style-default\"><img decoding=\"async\" loading=\"lazy\" width=\"720\" height=\"1280\" src=\"https:\/\/ens5-caba.infd.edu.ar\/sitio\/wp-content\/uploads\/2023\/07\/suelta1.jpg\" alt=\"\" class=\"wp-image-4691\" srcset=\"https:\/\/ens5-caba.infd.edu.ar\/sitio\/wp-content\/uploads\/2023\/07\/suelta1.jpg 720w, https:\/\/ens5-caba.infd.edu.ar\/sitio\/wp-content\/uploads\/2023\/07\/suelta1-563x1000.jpg 563w\" sizes=\"(max-width: 720px) 100vw, 720px\" \/><\/figure>\n<\/div>\n<\/div>\n\n\n\n<div class=\"wp-block-columns is-layout-flex wp-container-10\">\n<div class=\"wp-block-column is-layout-flow\">\n<figure class=\"wp-block-image size-large is-style-default\"><img decoding=\"async\" loading=\"lazy\" width=\"1069\" height=\"1900\" src=\"https:\/\/ens5-caba.infd.edu.ar\/sitio\/wp-content\/uploads\/2023\/07\/suelta5-1069x1900.jpg\" alt=\"\" class=\"wp-image-4701\" srcset=\"https:\/\/ens5-caba.infd.edu.ar\/sitio\/wp-content\/uploads\/2023\/07\/suelta5-1069x1900.jpg 1069w, https:\/\/ens5-caba.infd.edu.ar\/sitio\/wp-content\/uploads\/2023\/07\/suelta5-562x1000.jpg 562w, https:\/\/ens5-caba.infd.edu.ar\/sitio\/wp-content\/uploads\/2023\/07\/suelta5-768x1366.jpg 768w, https:\/\/ens5-caba.infd.edu.ar\/sitio\/wp-content\/uploads\/2023\/07\/suelta5-864x1536.jpg 864w, https:\/\/ens5-caba.infd.edu.ar\/sitio\/wp-content\/uploads\/2023\/07\/suelta5-1152x2048.jpg 1152w, https:\/\/ens5-caba.infd.edu.ar\/sitio\/wp-content\/uploads\/2023\/07\/suelta5-scaled.jpg 1440w\" sizes=\"(max-width: 1069px) 100vw, 1069px\" \/><\/figure>\n<\/div>\n\n\n\n<div class=\"wp-block-column is-layout-flow\">\n<figure class=\"wp-block-image size-full is-style-default\"><img decoding=\"async\" loading=\"lazy\" width=\"1240\" height=\"1755\" src=\"https:\/\/ens5-caba.infd.edu.ar\/sitio\/wp-content\/uploads\/2023\/07\/suelta4.jpg\" alt=\"\" class=\"wp-image-4702\" srcset=\"https:\/\/ens5-caba.infd.edu.ar\/sitio\/wp-content\/uploads\/2023\/07\/suelta4.jpg 1240w, https:\/\/ens5-caba.infd.edu.ar\/sitio\/wp-content\/uploads\/2023\/07\/suelta4-707x1000.jpg 707w, https:\/\/ens5-caba.infd.edu.ar\/sitio\/wp-content\/uploads\/2023\/07\/suelta4-768x1087.jpg 768w, https:\/\/ens5-caba.infd.edu.ar\/sitio\/wp-content\/uploads\/2023\/07\/suelta4-1085x1536.jpg 1085w\" sizes=\"(max-width: 1240px) 100vw, 1240px\" \/><\/figure>\n<\/div>\n<\/div>\n\n\n\n<div class=\"wp-block-buttons has-custom-font-size has-small-font-size is-content-justification-right is-layout-flex wp-container-11\">\n<div class=\"wp-block-button\"><a class=\"wp-block-button__link wp-element-button\" href=\"#Menu\">Subir<\/a><\/div>\n<\/div>\n","protected":false},"excerpt":{"rendered":"<p>Horario | Direcci\u00f3n | Servicios | Sueltas | Galer\u00eda La Biblioteca Clotilde Guill\u00e9n de Rezzano cuenta con una biblioteca central, hist\u00f3rica creada en 1919, ubicada en el Nivel Medio y otras dos bibliotecas especializadas en los niveles terciario y primario. Adem\u00e1s, el nivel inicial cuenta con bibliotecas en cada una de sus salas. Nuestra Biblioteca &#8230; <a title=\"Biblioteca Central\" class=\"read-more\" href=\"https:\/\/ens5-caba.infd.edu.ar\/sitio\/biblioteca-central\/\" aria-label=\"More on Biblioteca Central\">[+]<\/a><\/p>\n","protected":false},"author":1201,"featured_media":0,"parent":0,"menu_order":0,"comment_status":"closed","ping_status":"closed","template":"","meta":[],"acf":[],"_links":{"self":[{"href":"https:\/\/ens5-caba.infd.edu.ar\/sitio\/wp-json\/wp\/v2\/pages\/4664"}],"collection":[{"href":"https:\/\/ens5-caba.infd.edu.ar\/sitio\/wp-json\/wp\/v2\/pages"}],"about":[{"href":"https:\/\/ens5-caba.infd.edu.ar\/sitio\/wp-json\/wp\/v2\/types\/page"}],"author":[{"embeddable":true,"href":"https:\/\/ens5-caba.infd.edu.ar\/sitio\/wp-json\/wp\/v2\/users\/1201"}],"replies":[{"embeddable":true,"href":"https:\/\/ens5-caba.infd.edu.ar\/sitio\/wp-json\/wp\/v2\/comments?post=4664"}],"version-history":[{"count":46,"href":"https:\/\/ens5-caba.infd.edu.ar\/sitio\/wp-json\/wp\/v2\/pages\/4664\/revisions"}],"predecessor-version":[{"id":4877,"href":"https:\/\/ens5-caba.infd.edu.ar\/sitio\/wp-json\/wp\/v2\/pages\/4664\/revisions\/4877"}],"wp:attachment":[{"href":"https:\/\/ens5-caba.infd.edu.ar\/sitio\/wp-json\/wp\/v2\/media?parent=4664"}],"curies":[{"name":"wp","href":"https:\/\/api.w.org\/{rel}","templated":true}]}}