{"id":2530,"date":"2020-10-02T13:49:46","date_gmt":"2020-10-02T16:49:46","guid":{"rendered":"https:\/\/ens5-caba.infd.edu.ar\/sitio\/?page_id=2530"},"modified":"2020-10-02T13:51:24","modified_gmt":"2020-10-02T16:51:24","slug":"secundaria-orientaciones-de-3ro-a-5to","status":"publish","type":"page","link":"https:\/\/ens5-caba.infd.edu.ar\/sitio\/secundaria-orientaciones-de-3ro-a-5to\/","title":{"rendered":"Secundaria &#8211; Orientaciones de 3ro a 5to"},"content":{"rendered":"<p><img decoding=\"async\" loading=\"lazy\" class=\"size-medium wp-image-2531 aligncenter\" src=\"https:\/\/ens5-caba.infd.edu.ar\/sitio\/wp-content\/uploads\/2020\/10\/Orientaciones-706x1000.jpeg\" alt=\"\" width=\"706\" height=\"1000\" srcset=\"https:\/\/ens5-caba.infd.edu.ar\/sitio\/wp-content\/uploads\/2020\/10\/Orientaciones-706x1000.jpeg 706w, https:\/\/ens5-caba.infd.edu.ar\/sitio\/wp-content\/uploads\/2020\/10\/Orientaciones-768x1087.jpeg 768w, https:\/\/ens5-caba.infd.edu.ar\/sitio\/wp-content\/uploads\/2020\/10\/Orientaciones.jpeg 904w\" sizes=\"(max-width: 706px) 100vw, 706px\" \/><\/p>\n<p>Estudiantes y familias:&#x2757;&#x2757;&#x2757;<\/p>\n<p>A continuaci\u00f3n les enviamos informaci\u00f3n \u00fatil sobre las cuatro orientaciones de la escuela (encontraran esta misma informaci\u00f3n en el Classroom de tutor\u00eda de su curso)<\/p>\n<p>Presentaci\u00f3n resumida de las orientaciones:<br \/>\n<a href=\"https:\/\/youtu.be\/VXXCiL6r39I\" target=\"_blank\" rel=\"noopener\">https:\/\/youtu.be\/VXXCiL6r39I<\/a><\/p>\n<p>Mural colaborativo (padlet) con informaci\u00f3n detallada de cada orientaci\u00f3n:<br \/>\n<a href=\"https:\/\/padlet.com\/normal5eleccionorientacion\/gbxfzwkdhuckaxs\" target=\"_blank\" rel=\"noopener\">https:\/\/padlet.com\/normal5eleccionorientacion\/gbxfzwkdhuckaxs<\/a><\/p>\n<p>Formulario de elecci\u00f3n: DISPONIBLE PR\u00d3XIMAMENTE , est\u00e9n atentos y atentas porque tendr\u00e1n plazo l\u00edmite &#x23f3;para completarlo.<\/p>\n<p>Tambi\u00e9n habr\u00e1 un espacio tutorial de encuentro meet para evacuar posibles dudas.&#x263a;&#xfe0f;<\/p>\n<p>Saludos!<\/p>\n","protected":false},"excerpt":{"rendered":"<p>Estudiantes y familias:&#x2757;&#x2757;&#x2757; A continuaci\u00f3n les enviamos informaci\u00f3n \u00fatil sobre las cuatro orientaciones de la escuela (encontraran esta misma informaci\u00f3n en el Classroom de tutor\u00eda de su curso) Presentaci\u00f3n resumida de las orientaciones: https:\/\/youtu.be\/VXXCiL6r39I Mural colaborativo (padlet) con informaci\u00f3n detallada de cada orientaci\u00f3n: https:\/\/padlet.com\/normal5eleccionorientacion\/gbxfzwkdhuckaxs Formulario de elecci\u00f3n: DISPONIBLE PR\u00d3XIMAMENTE , est\u00e9n atentos y atentas porque &#8230; <a title=\"Secundaria &#8211; Orientaciones de 3ro a 5to\" class=\"read-more\" href=\"https:\/\/ens5-caba.infd.edu.ar\/sitio\/secundaria-orientaciones-de-3ro-a-5to\/\" aria-label=\"More on Secundaria &#8211; Orientaciones de 3ro a 5to\">[+]<\/a><\/p>\n","protected":false},"author":1201,"featured_media":0,"parent":0,"menu_order":0,"comment_status":"closed","ping_status":"closed","template":"","meta":[],"acf":[],"_links":{"self":[{"href":"https:\/\/ens5-caba.infd.edu.ar\/sitio\/wp-json\/wp\/v2\/pages\/2530"}],"collection":[{"href":"https:\/\/ens5-caba.infd.edu.ar\/sitio\/wp-json\/wp\/v2\/pages"}],"about":[{"href":"https:\/\/ens5-caba.infd.edu.ar\/sitio\/wp-json\/wp\/v2\/types\/page"}],"author":[{"embeddable":true,"href":"https:\/\/ens5-caba.infd.edu.ar\/sitio\/wp-json\/wp\/v2\/users\/1201"}],"replies":[{"embeddable":true,"href":"https:\/\/ens5-caba.infd.edu.ar\/sitio\/wp-json\/wp\/v2\/comments?post=2530"}],"version-history":[{"count":3,"href":"https:\/\/ens5-caba.infd.edu.ar\/sitio\/wp-json\/wp\/v2\/pages\/2530\/revisions"}],"predecessor-version":[{"id":2534,"href":"https:\/\/ens5-caba.infd.edu.ar\/sitio\/wp-json\/wp\/v2\/pages\/2530\/revisions\/2534"}],"wp:attachment":[{"href":"https:\/\/ens5-caba.infd.edu.ar\/sitio\/wp-json\/wp\/v2\/media?parent=2530"}],"curies":[{"name":"wp","href":"https:\/\/api.w.org\/{rel}","templated":true}]}}