{"id":2343,"date":"2020-08-06T13:38:08","date_gmt":"2020-08-06T16:38:08","guid":{"rendered":"https:\/\/ens5-caba.infd.edu.ar\/sitio\/?page_id=2343"},"modified":"2024-06-05T16:48:46","modified_gmt":"2024-06-05T19:48:46","slug":"planilla-para-docentes-profesorados","status":"publish","type":"page","link":"https:\/\/ens5-caba.infd.edu.ar\/sitio\/planilla-para-docentes-profesorados\/","title":{"rendered":"PLANILLA PARA DOCENTES \u2013 PROFESORADOS"},"content":{"rendered":"<h2>PLANILLA PARA DOCENTES \u2013 PROFESORADOS<\/h2>\n<p><a title=\"Formulario_Salida_Educativa_2016\" href=\"upload\/Formulario_Salida_Educativa_2016.doc\" target=\"_blank\" rel=\"noopener\">Formulario para Salidas Educativas<\/a><\/p>\n<p><a title=\"Formato_CV_2016\" href=\"upload\/Formato_CV_2016.doc\" target=\"_blank\" rel=\"noopener\">Formato para la Presentaci\u00f3n de Curriculum Vitae<\/a><\/p>\n<p><a href=\"https:\/\/ens5-caba.infd.edu.ar\/sitio\/wp-content\/uploads\/2024\/06\/FORMULARIO-DE-Bienvenida.doc\" target=\"_blank\" rel=\"noopener\">Formulario de Bienvenida a los Nuevos Profesores<\/a><\/p>\n<p><a title=\"Formulario de Derivaci\u00f3n a Tutores\" href=\"upload\/Derivacion_Tutoria.doc\" target=\"_blank\" rel=\"noopener\">Formulario de Derivaci\u00f3n a Tutores<\/a><\/p>\n<p><a title=\"AV_Altas_alumnos\" href=\"https:\/\/ens5-caba.infd.edu.ar\/sitio\/wp-content\/uploads\/2019\/03\/Asistencia-Asesoramiento.doc\" target=\"_blank\" rel=\"noopener\">Planilla de asistencia para Coordinadores, Profesores de Pr\u00e1ctica y Asesoramiento<\/a><\/p>\n","protected":false},"excerpt":{"rendered":"<p>PLANILLA PARA DOCENTES \u2013 PROFESORADOS Formulario para Salidas Educativas Formato para la Presentaci\u00f3n de Curriculum Vitae Formulario de Bienvenida a los Nuevos Profesores Formulario de Derivaci\u00f3n a Tutores Planilla de asistencia para Coordinadores, Profesores de Pr\u00e1ctica y Asesoramiento<\/p>\n","protected":false},"author":1201,"featured_media":0,"parent":0,"menu_order":0,"comment_status":"closed","ping_status":"closed","template":"","meta":[],"acf":[],"_links":{"self":[{"href":"https:\/\/ens5-caba.infd.edu.ar\/sitio\/wp-json\/wp\/v2\/pages\/2343"}],"collection":[{"href":"https:\/\/ens5-caba.infd.edu.ar\/sitio\/wp-json\/wp\/v2\/pages"}],"about":[{"href":"https:\/\/ens5-caba.infd.edu.ar\/sitio\/wp-json\/wp\/v2\/types\/page"}],"author":[{"embeddable":true,"href":"https:\/\/ens5-caba.infd.edu.ar\/sitio\/wp-json\/wp\/v2\/users\/1201"}],"replies":[{"embeddable":true,"href":"https:\/\/ens5-caba.infd.edu.ar\/sitio\/wp-json\/wp\/v2\/comments?post=2343"}],"version-history":[{"count":6,"href":"https:\/\/ens5-caba.infd.edu.ar\/sitio\/wp-json\/wp\/v2\/pages\/2343\/revisions"}],"predecessor-version":[{"id":5322,"href":"https:\/\/ens5-caba.infd.edu.ar\/sitio\/wp-json\/wp\/v2\/pages\/2343\/revisions\/5322"}],"wp:attachment":[{"href":"https:\/\/ens5-caba.infd.edu.ar\/sitio\/wp-json\/wp\/v2\/media?parent=2343"}],"curies":[{"name":"wp","href":"https:\/\/api.w.org\/{rel}","templated":true}]}}