{"id":2200,"date":"2020-06-03T13:52:33","date_gmt":"2020-06-03T16:52:33","guid":{"rendered":"https:\/\/ens5-caba.infd.edu.ar\/sitio\/?page_id=2200"},"modified":"2020-06-08T10:11:13","modified_gmt":"2020-06-08T13:11:13","slug":"puedo-ajustar-un-guion-parte-10","status":"publish","type":"page","link":"https:\/\/ens5-caba.infd.edu.ar\/sitio\/puedo-ajustar-un-guion-parte-10\/","title":{"rendered":"Puedo Ajustar un Gui\u00f3n \u2013 Parte 10"},"content":{"rendered":"<p>PUEDO AJUSTAR UN GUION.<br \/>\nEdici\u00f3n Cuarentena<\/p>\n<p>\u201cComunicadores sin barbijo\u201d<br \/>\nD\u00e9cima entrega.<\/p>\n<p>Periodismo. Visibilizaci\u00f3n y cr\u00edtica.<\/p>\n<p>Hoy: Leandro Vesco. Periodista del diario La Naci\u00f3n<\/p>\n<p><iframe loading=\"lazy\" width=\"1200\" height=\"675\" src=\"https:\/\/www.youtube.com\/embed\/UUDAVmO489E?feature=oembed\" frameborder=\"0\" allow=\"accelerometer; autoplay; encrypted-media; gyroscope; picture-in-picture\" allowfullscreen><\/iframe><\/p>\n<hr \/>\n<p>PUEDO AJUSTAR UN GUION.<br \/>\nEdici\u00f3n Cuarentena<\/p>\n<p>Seguimos mostrando producciones de les pibes en el Aislamiento Social Preventivo y Obligatorio.<\/p>\n<p>Comenzamos con los podcast de 3ro comunicaci\u00f3n. Sepan que es la primera aproximaci\u00f3n al lenguaje radial que tienen.<\/p>\n<p><iframe loading=\"lazy\" width=\"1200\" height=\"675\" src=\"https:\/\/www.youtube.com\/embed\/13pXjaYtp2E?feature=oembed\" frameborder=\"0\" allow=\"accelerometer; autoplay; encrypted-media; gyroscope; picture-in-picture\" allowfullscreen><\/iframe><\/p>\n<hr \/>\n<h5 style=\"text-align: center;\"><a href=\"https:\/\/ens5-caba.infd.edu.ar\/sitio\/puedo-ajustar-un-guion-parte-11\/\">Siguiente<\/a><\/h5>\n","protected":false},"excerpt":{"rendered":"<p>PUEDO AJUSTAR UN GUION. Edici\u00f3n Cuarentena \u201cComunicadores sin barbijo\u201d D\u00e9cima entrega. Periodismo. Visibilizaci\u00f3n y cr\u00edtica. Hoy: Leandro Vesco. Periodista del diario La Naci\u00f3n PUEDO AJUSTAR UN GUION. Edici\u00f3n Cuarentena Seguimos mostrando producciones de les pibes en el Aislamiento Social Preventivo y Obligatorio. Comenzamos con los podcast de 3ro comunicaci\u00f3n. Sepan que es la primera aproximaci\u00f3n &#8230; <a title=\"Puedo Ajustar un Gui\u00f3n \u2013 Parte 10\" class=\"read-more\" href=\"https:\/\/ens5-caba.infd.edu.ar\/sitio\/puedo-ajustar-un-guion-parte-10\/\" aria-label=\"More on Puedo Ajustar un Gui\u00f3n \u2013 Parte 10\">[+]<\/a><\/p>\n","protected":false},"author":1201,"featured_media":0,"parent":0,"menu_order":0,"comment_status":"closed","ping_status":"closed","template":"","meta":[],"acf":[],"_links":{"self":[{"href":"https:\/\/ens5-caba.infd.edu.ar\/sitio\/wp-json\/wp\/v2\/pages\/2200"}],"collection":[{"href":"https:\/\/ens5-caba.infd.edu.ar\/sitio\/wp-json\/wp\/v2\/pages"}],"about":[{"href":"https:\/\/ens5-caba.infd.edu.ar\/sitio\/wp-json\/wp\/v2\/types\/page"}],"author":[{"embeddable":true,"href":"https:\/\/ens5-caba.infd.edu.ar\/sitio\/wp-json\/wp\/v2\/users\/1201"}],"replies":[{"embeddable":true,"href":"https:\/\/ens5-caba.infd.edu.ar\/sitio\/wp-json\/wp\/v2\/comments?post=2200"}],"version-history":[{"count":6,"href":"https:\/\/ens5-caba.infd.edu.ar\/sitio\/wp-json\/wp\/v2\/pages\/2200\/revisions"}],"predecessor-version":[{"id":2208,"href":"https:\/\/ens5-caba.infd.edu.ar\/sitio\/wp-json\/wp\/v2\/pages\/2200\/revisions\/2208"}],"wp:attachment":[{"href":"https:\/\/ens5-caba.infd.edu.ar\/sitio\/wp-json\/wp\/v2\/media?parent=2200"}],"curies":[{"name":"wp","href":"https:\/\/api.w.org\/{rel}","templated":true}]}}