{"id":2190,"date":"2020-05-28T11:10:03","date_gmt":"2020-05-28T14:10:03","guid":{"rendered":"https:\/\/ens5-caba.infd.edu.ar\/sitio\/?page_id=2190"},"modified":"2020-06-03T13:51:55","modified_gmt":"2020-06-03T16:51:55","slug":"puedo-ajustar-un-guion-parte-09","status":"publish","type":"page","link":"https:\/\/ens5-caba.infd.edu.ar\/sitio\/puedo-ajustar-un-guion-parte-09\/","title":{"rendered":"Puedo Ajustar un Gui\u00f3n \u2013 Parte 09"},"content":{"rendered":"<p>PUEDO AJUSTAR UN GUION.<br \/>\nEdici\u00f3n Especial . Tristemente especial.<\/p>\n<p>Seguramente algunos se habr\u00e1n enterado, quer\u00edamos compartir con nuestros lectores que el bar notable La Flor de Barracas no volver\u00e1 a abrir sus puertas. Hace unos d\u00edas hab\u00edamos compartido las actividades del Circuito Cultural de Barracas y hab\u00edamos concluido que nos sentimos parte de la misma pasi\u00f3n por el barrio. Nos arrancan un pedacito de nuestras pasiones y aventuras. A continuaci\u00f3n vamos a compartir actividades que pudimos hacer en los \u00faltimos a\u00f1os gracias a la generosidad de los administradores del bar. Porque siempre entendieron qu\u00e9 hay una historia que se escribi\u00f3 y se seguir\u00e1 escribiendo entre esas dos esquinas. La escuela y el bar.<\/p>\n<p>Spot por los 110 a\u00f1os de la escuela&#8230; de una flor a otra flor .<\/p>\n<p><iframe loading=\"lazy\" width=\"1200\" height=\"675\" src=\"https:\/\/www.youtube.com\/embed\/jOeEUtKGDN4?feature=oembed\" frameborder=\"0\" allow=\"accelerometer; autoplay; encrypted-media; gyroscope; picture-in-picture\" allowfullscreen><\/iframe><\/p>\n<p>El fantasma de Arolas y una historia de amor que podr\u00eda haber sido .<br \/>\nTodo en una de las noches de Arolas<\/p>\n<p><iframe loading=\"lazy\" width=\"1200\" height=\"675\" src=\"https:\/\/www.youtube.com\/embed\/gKP2AKjXCrY?feature=oembed\" frameborder=\"0\" allow=\"accelerometer; autoplay; encrypted-media; gyroscope; picture-in-picture\" allowfullscreen><\/iframe><\/p>\n<p><iframe loading=\"lazy\" width=\"1200\" height=\"675\" src=\"https:\/\/www.youtube.com\/embed\/YyMX6sUBN9w?feature=oembed\" frameborder=\"0\" allow=\"accelerometer; autoplay; encrypted-media; gyroscope; picture-in-picture\" allowfullscreen><\/iframe><\/p>\n<p>El concurso de la foto.<\/p>\n<p><a href=\"https:\/\/myalbum.com\/album\/sEfmgmHxuVg4\" target=\"_blank\" rel=\"noopener\">https:\/\/myalbum.com\/album\/sEfmgmHxuVg4<\/a><\/p>\n<p>Mir\u00e1 estos \u00e1lbumes de fotos, t\u00f3mate un tiempo para ver parte de toda esta historia<\/p>\n<p>Taller huellas y otras aventuras<\/p>\n<p><a href=\"https:\/\/myalbum.com\/album\/EGHj8ZyXUQSs\" target=\"_blank\" rel=\"noopener\">https:\/\/myalbum.com\/album\/EGHj8ZyXUQSs<\/a><\/p>\n<p>Las noches de Arolas<\/p>\n<p><a href=\"https:\/\/myalbum.com\/album\/tXujPfNDWaMs\" target=\"_blank\" rel=\"noopener\">https:\/\/myalbum.com\/album\/tXujPfNDWaMs<\/a><\/p>\n<p>Seguiremos so\u00f1ando actividades para hacerlas ah\u00ed, cuando vuelva, cuando resurja. Por lo pronto so\u00f1amos volver a nuestra aulas pero al volver ser\u00e1 con la sonrisa de volver a estar juntos y con la l\u00e1grima a cuestas arrastrada desde Arcamendia y Su\u00e1rez, porque esa flor compa\u00f1era no nos gui\u00f1ar\u00e1 un ojo c\u00f3mplice o nos invitar\u00e1 a contarnos historias.<\/p>\n<hr \/>\n<h5 style=\"text-align: center;\"><a href=\"https:\/\/ens5-caba.infd.edu.ar\/sitio\/puedo-ajustar-un-guion-parte-10\/\">Siguiente<\/a><\/h5>\n","protected":false},"excerpt":{"rendered":"<p>PUEDO AJUSTAR UN GUION. Edici\u00f3n Especial . Tristemente especial. Seguramente algunos se habr\u00e1n enterado, quer\u00edamos compartir con nuestros lectores que el bar notable La Flor de Barracas no volver\u00e1 a abrir sus puertas. Hace unos d\u00edas hab\u00edamos compartido las actividades del Circuito Cultural de Barracas y hab\u00edamos concluido que nos sentimos parte de la misma &#8230; <a title=\"Puedo Ajustar un Gui\u00f3n \u2013 Parte 09\" class=\"read-more\" href=\"https:\/\/ens5-caba.infd.edu.ar\/sitio\/puedo-ajustar-un-guion-parte-09\/\" aria-label=\"More on Puedo Ajustar un Gui\u00f3n \u2013 Parte 09\">[+]<\/a><\/p>\n","protected":false},"author":1201,"featured_media":0,"parent":0,"menu_order":0,"comment_status":"closed","ping_status":"closed","template":"","meta":[],"acf":[],"_links":{"self":[{"href":"https:\/\/ens5-caba.infd.edu.ar\/sitio\/wp-json\/wp\/v2\/pages\/2190"}],"collection":[{"href":"https:\/\/ens5-caba.infd.edu.ar\/sitio\/wp-json\/wp\/v2\/pages"}],"about":[{"href":"https:\/\/ens5-caba.infd.edu.ar\/sitio\/wp-json\/wp\/v2\/types\/page"}],"author":[{"embeddable":true,"href":"https:\/\/ens5-caba.infd.edu.ar\/sitio\/wp-json\/wp\/v2\/users\/1201"}],"replies":[{"embeddable":true,"href":"https:\/\/ens5-caba.infd.edu.ar\/sitio\/wp-json\/wp\/v2\/comments?post=2190"}],"version-history":[{"count":4,"href":"https:\/\/ens5-caba.infd.edu.ar\/sitio\/wp-json\/wp\/v2\/pages\/2190\/revisions"}],"predecessor-version":[{"id":2199,"href":"https:\/\/ens5-caba.infd.edu.ar\/sitio\/wp-json\/wp\/v2\/pages\/2190\/revisions\/2199"}],"wp:attachment":[{"href":"https:\/\/ens5-caba.infd.edu.ar\/sitio\/wp-json\/wp\/v2\/media?parent=2190"}],"curies":[{"name":"wp","href":"https:\/\/api.w.org\/{rel}","templated":true}]}}