{"id":2091,"date":"2020-04-22T13:36:21","date_gmt":"2020-04-22T16:36:21","guid":{"rendered":"https:\/\/ens5-caba.infd.edu.ar\/sitio\/?page_id=2091"},"modified":"2020-06-01T12:55:36","modified_gmt":"2020-06-01T15:55:36","slug":"proyectos-nivel-medio","status":"publish","type":"page","link":"https:\/\/ens5-caba.infd.edu.ar\/sitio\/proyectos-nivel-medio\/","title":{"rendered":"Proyectos Nivel Medio"},"content":{"rendered":"<h2>Proyectos del Nivel Medio<\/h2>\n<hr \/>\n<h3>Primer premio en la categor\u00eda Revalorizando el patrimonio local y cultural<\/h3>\n<p>Realizado por 5to. Comunicaci\u00f3n 2017<\/p>\n<p><iframe loading=\"lazy\" src=\"https:\/\/www.youtube.com\/embed\/S2I2JEEXux4?rel=0&amp;controls=0&amp;showinfo=0&amp;wmode=transparent\" width=\"560\" height=\"315\" frameborder=\"0\" allowfullscreen=\"allowfullscreen\" data-mce-fragment=\"1\"><\/iframe><\/p>\n<hr \/>\n<h3 dir=\"ltr\">Proyecto multidisciplinario de Ciencias Sociales: Geograf\u00eda &#8211; Historia<\/h3>\n<h4 dir=\"ltr\">\u00abBuenos Aires, espalda al r\u00edo\u00bb<\/h4>\n<div dir=\"ltr\"><\/div>\n<div dir=\"ltr\">Trabajo realizado en 2018 por\u00a0 alumnos de 3\u00b0 3\u00b0 BOMyF, junto a las Profesoras M\u00f3nica Vaiasicca, Mar\u00eda Gabriela Fontaneto y la asitente t\u00e9cnica de INTEC Marcela Ordiz<\/div>\n<div dir=\"ltr\"><\/div>\n<div dir=\"ltr\">\n<p class=\"yiv3009992373ydp817e8191MsoNormal\"><iframe loading=\"lazy\" src=\"https:\/\/www.youtube.com\/embed\/a95zNnIvo2M\" width=\"560\" height=\"315\" frameborder=\"0\" allowfullscreen=\"allowfullscreen\"><\/iframe><\/p>\n<hr \/>\n<p><strong>Se Enteraron&#8230;<\/strong><\/p>\n<p>Aprovechando el \u201cquedate en casa\u201d, este s\u00e1bado 30 de mayo los alumnos de 4\u00b0 3\u00b0 BOMyF:<\/p>\n<p><strong>Bruno Valsangiacomo- Dylan Chirito- Valentina Zapotoczny- Luna Rojas <\/strong>participaron acompa\u00f1ados por la profesora Zulema Loyoy, de la competencia internacional \u201cCanguro Matem\u00e1tico\u201d, en la categor\u00eda juveniles, publicada por OMA, Olimp\u00edada Matem\u00e1tica Argentina.<\/p>\n<p>La prueba fue realizada en forma individual y remota, cada alumno accedi\u00f3 a la evaluaci\u00f3n desde su casa con el c\u00f3digo de la escuela, resolvi\u00f3 la misma en papel, carg\u00f3 las respuestas en un sitio web para luego enviarlas.<\/p>\n<p>La Comunidad Educativa del ENS N\u00b0 5, felicita a sus alumnos por la participaci\u00f3n de una nueva experiencia en \u00e9poca de pandemia. Aprovechamos para alentar e incentivar a que m\u00e1s alumnos lo hagan. \u00a1<strong>\u00c9xitos! <\/strong><\/p>\n<p><strong>Vicedirecci\u00f3n<\/strong><\/p>\n<\/div>\n","protected":false},"excerpt":{"rendered":"<p>Proyectos del Nivel Medio Primer premio en la categor\u00eda Revalorizando el patrimonio local y cultural Realizado por 5to. Comunicaci\u00f3n 2017 Proyecto multidisciplinario de Ciencias Sociales: Geograf\u00eda &#8211; Historia \u00abBuenos Aires, espalda al r\u00edo\u00bb Trabajo realizado en 2018 por\u00a0 alumnos de 3\u00b0 3\u00b0 BOMyF, junto a las Profesoras M\u00f3nica Vaiasicca, Mar\u00eda Gabriela Fontaneto y la asitente &#8230; <a title=\"Proyectos Nivel Medio\" class=\"read-more\" href=\"https:\/\/ens5-caba.infd.edu.ar\/sitio\/proyectos-nivel-medio\/\" aria-label=\"More on Proyectos Nivel Medio\">[+]<\/a><\/p>\n","protected":false},"author":1201,"featured_media":0,"parent":0,"menu_order":0,"comment_status":"closed","ping_status":"closed","template":"","meta":[],"acf":[],"_links":{"self":[{"href":"https:\/\/ens5-caba.infd.edu.ar\/sitio\/wp-json\/wp\/v2\/pages\/2091"}],"collection":[{"href":"https:\/\/ens5-caba.infd.edu.ar\/sitio\/wp-json\/wp\/v2\/pages"}],"about":[{"href":"https:\/\/ens5-caba.infd.edu.ar\/sitio\/wp-json\/wp\/v2\/types\/page"}],"author":[{"embeddable":true,"href":"https:\/\/ens5-caba.infd.edu.ar\/sitio\/wp-json\/wp\/v2\/users\/1201"}],"replies":[{"embeddable":true,"href":"https:\/\/ens5-caba.infd.edu.ar\/sitio\/wp-json\/wp\/v2\/comments?post=2091"}],"version-history":[{"count":5,"href":"https:\/\/ens5-caba.infd.edu.ar\/sitio\/wp-json\/wp\/v2\/pages\/2091\/revisions"}],"predecessor-version":[{"id":2198,"href":"https:\/\/ens5-caba.infd.edu.ar\/sitio\/wp-json\/wp\/v2\/pages\/2091\/revisions\/2198"}],"wp:attachment":[{"href":"https:\/\/ens5-caba.infd.edu.ar\/sitio\/wp-json\/wp\/v2\/media?parent=2091"}],"curies":[{"name":"wp","href":"https:\/\/api.w.org\/{rel}","templated":true}]}}