{"id":1072,"date":"2018-08-29T16:38:06","date_gmt":"2018-08-29T19:38:06","guid":{"rendered":"https:\/\/ens5-caba.infd.edu.ar\/sitio\/bedelia\/"},"modified":"2026-03-19T11:55:51","modified_gmt":"2026-03-19T14:55:51","slug":"bedelia","status":"publish","type":"page","link":"https:\/\/ens5-caba.infd.edu.ar\/sitio\/bedelia\/","title":{"rendered":"Bedel\u00eda"},"content":{"rendered":"<h3 style=\"text-align: center;\"><span style=\"color: #ff9900;\"><strong>TURNO MA\u00d1ANA<\/strong><\/span><\/h3>\n<p style=\"text-align: center;\">Horario: 7:45 a 12:00<\/p>\n<p style=\"text-align: center;\">Bedel TM: Ayel\u00e9n<strong> Tello<\/strong><\/p>\n<p style=\"text-align: center;\">Preceptora TM:\u00a0Silvina <strong>Su\u00e1rez\u00a0\u00a0<\/strong><\/p>\n<p>\u00a0 \u00a0 \u00a0 \u00a0 \u00a0 \u00a0 \u00a0 \u00a0 \u00a0 \u00a0 \u00a0 \u00a0 \u00a0 \u00a0 \u00a0 \u00a0 \u00a0 \u00a0 \u00a0 \u00a0 \u00a0 \u00a0 \u00a0 \u00a0 \u00a0 \u00a0 \u00a0 \u00a0 \u00a0 \u00a0 \u00a0 \u00a0 \u00a0 \u00a0 \u00a0 \u00a0 \u00a0 \u00a0 \u00a0 \u00a0 \u00a0 \u00a0 \u00a0 \u00a0Preceptora TM: Macarena <strong>Straniero\u00a0 <\/strong><\/p>\n<p>\u00a0 \u00a0 \u00a0 \u00a0 \u00a0 \u00a0 \u00a0 \u00a0 \u00a0 \u00a0 \u00a0 \u00a0 \u00a0 \u00a0 \u00a0 \u00a0 \u00a0 \u00a0 \u00a0 \u00a0 \u00a0 \u00a0 \u00a0 \u00a0 \u00a0 \u00a0 \u00a0 \u00a0 \u00a0 \u00a0 \u00a0 \u00a0 \u00a0 \u00a0 \u00a0 \u00a0 \u00a0 \u00a0 \u00a0 \u00a0 \u00a0 \u00a0 \u00a0 \u00a0Preceptora TM Suplente: Florencia <strong>Brauer<\/strong><\/p>\n<h4>CORREO ELECTRONICO AMBOS TURNOS: <a href=\"mailto:ens5_bedelia@bue.edu.ar\">ens5_bedelia@bue.edu.ar<\/a><\/h4>\n<hr \/>\n<h3 style=\"text-align: center;\"><span style=\"color: #0000ff;\"><strong>TURNO VESPERTINO<\/strong><\/span><\/h3>\n<p style=\"text-align: center;\">Horario: 18:00 a 22:15<\/p>\n<p style=\"text-align: center;\">Bedel TV: Macarena <strong>Straniero<\/strong><\/p>\n<p style=\"text-align: center;\">Bedel Suplente:\u00a0 \u00a0 \u00a0 \u00a0 \u00a0 \u00a0 \u00a0 \u00a0 \u00a0 \u00a0 \u00a0 \u00a0 \u00a0 \u00a0<\/p>\n<p style=\"text-align: center;\">Preceptora TV: Ayel\u00e9n <strong>Tello<\/strong><\/p>\n<hr \/>\n<h5 style=\"text-align: center;\">Estimados\u00a0estudiantes:<\/h5>\n<p style=\"text-align: center;\">Se habilit\u00f3 esta direcci\u00f3n de correo:\u00a0<\/p>\n<p style=\"text-align: center;\"><strong><a href=\"mailto:departamentoalumnosterciario@gmail.com\" target=\"_blank\" rel=\"noopener\">departamentoalumnoster<wbr \/>ciario@gmail.com<\/a><\/strong>\u00a0<\/p>\n<p style=\"text-align: center;\">para <strong>realizar consultas y\/o pedidos de t\u00edtulos, anal\u00edticos, constancias de t\u00edtulo en tr\u00e1mite, certificados de estudios parciales y pases<\/strong>.<\/p>\n<p>\u00a0<\/p>\n<h4 style=\"text-align: center;\"><em><span style=\"color: #0000ff;\"><strong>Programas<\/strong><\/span><\/em><\/h4>\n<p>\u00a0<\/p>\n<h3>\u00a1\u00a1 ATENCI\u00d3N!! CASILLA DE CORREO UNICAMENTE PARA SOLICITAR PROGRAMAS, por otras dudas o consultas administrativas enviar correo a BEDELIA.<\/h3>\n<p style=\"text-align: center;\">Se habilit\u00f3 la siguiente direcci\u00f3n de correo:<\/p>\n<p style=\"text-align: center;\"><span style=\"color: #0000ff;\"><strong>programasterciarioens5@gmail.com<\/strong><\/span><\/p>\n<p><strong>Para la solicitud de programas<\/strong> <strong>se debe detallar: nombre, apellido, DNI, correo electr\u00f3nico (debe ser gmail, dado que se comparte carpeta virtual), carrera, a\u00f1o de cursada, turno y a quien va dirigido.\u00a0 <\/strong><\/p>\n<p><strong>Se responder\u00e1 el correo una vez comencemos con la solicitud. <\/strong><\/p>\n<p><strong>Se recuerda que hay demanda por lo que podemos demorarnos desde unos dias a unas semanas en responder.<\/strong><\/p>\n<p>\u00a0<\/p>\n<h1 style=\"text-align: center;\"><a href=\"https:\/\/ens5-caba.infd.edu.ar\/sitio\/wp-content\/uploads\/2026\/03\/CRONOGRAMA-2026.xlsx-Hojas-de-calculo-de-Google.pdf\">CRONOGRAMA 2026<\/a><\/h1>\n<p><!--more--><\/p>\n<p>\u00a0<\/p>\n<h1 style=\"text-align: center;\"><span style=\"color: #3366ff;\">OFERTA HORARIA 2026<\/span><\/h1>\n<p>\u00a0<\/p>\n<h2><a href=\"https:\/\/ens5-caba.infd.edu.ar\/sitio\/wp-content\/uploads\/2026\/03\/OFERTA-HORARIA-MANANA-PLAN-VIEJO-1.pdf\"><span style=\"color: #0000ff;\">TURNO MA\u00d1ANA PLANES ANTERIORES<\/span><\/a><\/h2>\n<h2><span style=\"color: #0000ff;\"><a style=\"color: #0000ff;\" href=\"https:\/\/ens5-caba.infd.edu.ar\/sitio\/wp-content\/uploads\/2026\/03\/OFERTA-HORARIA-VESPERTINO-PLAN-VIEJO-1-1.pdf\">TURNO VESPERTINO PLANES ANTERIORES<\/a><\/span><\/h2>\n<p>\u00a0<\/p>\n<h2><a href=\"https:\/\/ens5-caba.infd.edu.ar\/sitio\/wp-content\/uploads\/2026\/03\/OFERTA-HORARIA-MANANA-PLAN-NUEVO-1.pdf\">TURNO MA\u00d1ANA PLAN NUEVO<\/a><\/h2>\n<h2><a href=\"https:\/\/ens5-caba.infd.edu.ar\/sitio\/wp-content\/uploads\/2026\/03\/OFERTA-HORARIA-VESPERTINO-PLAN-NUEVO-1.pdf\">TURNO VESPERTINO PLAN NUEVO<\/a><\/h2>\n<p>\u00a0<\/p>\n<h1 style=\"text-align: center;\"><span style=\"color: #339966;\">Atenci\u00f3n Alumnos Volantes!!<\/span><\/h1>\n<p><img decoding=\"async\" loading=\"lazy\" class=\"size-medium wp-image-5894 aligncenter\" src=\"https:\/\/ens5-caba.infd.edu.ar\/sitio\/wp-content\/uploads\/2026\/03\/Flyer-VOLANTES-1_page-0001-707x1000.jpg\" alt=\"\" width=\"707\" height=\"1000\" srcset=\"https:\/\/ens5-caba.infd.edu.ar\/sitio\/wp-content\/uploads\/2026\/03\/Flyer-VOLANTES-1_page-0001-707x1000.jpg 707w, https:\/\/ens5-caba.infd.edu.ar\/sitio\/wp-content\/uploads\/2026\/03\/Flyer-VOLANTES-1_page-0001-1343x1900.jpg 1343w, https:\/\/ens5-caba.infd.edu.ar\/sitio\/wp-content\/uploads\/2026\/03\/Flyer-VOLANTES-1_page-0001-768x1086.jpg 768w, https:\/\/ens5-caba.infd.edu.ar\/sitio\/wp-content\/uploads\/2026\/03\/Flyer-VOLANTES-1_page-0001-1086x1536.jpg 1086w, https:\/\/ens5-caba.infd.edu.ar\/sitio\/wp-content\/uploads\/2026\/03\/Flyer-VOLANTES-1_page-0001-1448x2048.jpg 1448w, https:\/\/ens5-caba.infd.edu.ar\/sitio\/wp-content\/uploads\/2026\/03\/Flyer-VOLANTES-1_page-0001-scaled.jpg 1810w\" sizes=\"(max-width: 707px) 100vw, 707px\" \/><\/p>\n<h3>\u00a0<\/h3>\n<h1 style=\"text-align: center;\">\u00a0LINK: <a href=\"https:\/\/docs.google.com\/forms\/d\/e\/1FAIpQLSfVopWzJvW0i-_7q6xbRPuBM_hzQjJZy4fCU0Vy9Eh3Ecia8Q\/viewform?usp=header\">Formulario<\/a><\/h1>\n<h1 style=\"text-align: center;\"><span style=\"color: #0000ff;\">\u00a0\u00a0<\/span><\/h1>\n<div><hr \/><\/div>\n<div>\n<h4 dir=\"ltr\"><span style=\"color: #0000ff;\"><a style=\"color: #0000ff;\" href=\"https:\/\/ens5-caba.infd.edu.ar\/sitio\/planilla-para-docentes-profesorados\/\"><strong>Planillas para Docentes<\/strong><\/a><\/span><\/h4>\n<\/div>\n<h4><span style=\"color: #ff9900;\"><a style=\"color: #ff9900;\" href=\"https:\/\/ens5-caba.infd.edu.ar\/sitio\/planilla-para-estudiantes-profesorados\/\"><strong>Planillas para Estudiantes<\/strong><\/a><\/span><\/h4>\n<hr \/>\n<h4><span style=\"color: #ff9900;\"><a style=\"color: #ff9900;\" href=\"https:\/\/ens5-caba.infd.edu.ar\/sitio\/wp-content\/uploads\/2025\/11\/GUIA-DE-TRAMITES-2025.docx.pdf\" target=\"_blank\" rel=\"noopener\">Gu\u00eda de Tr\u00e1mites<\/a><\/span><\/h4>\n\n\n<figure class=\"wp-block-image is-style-default\"><img alt=\"\"\/><\/figure>\n\n\n\n<figure class=\"wp-block-image is-style-default\"><img alt=\"\"\/><\/figure>\n\n\n\n<figure class=\"wp-block-image is-style-default\"><img alt=\"\"\/><\/figure>\n\n\n\n<figure class=\"wp-block-image is-style-default\"><img alt=\"\"\/><\/figure>\n\n\n\n<figure class=\"wp-block-image is-style-default\"><img alt=\"\"\/><\/figure>\n\n\n\n<figure class=\"wp-block-image is-style-default\"><img alt=\"\"\/><\/figure>\n\n\n\n<h2 class=\"wp-block-heading\"><\/h2>\n\n\n\n<hr class=\"wp-block-separator has-alpha-channel-opacity\"\/>\n\n\n\n<p><\/p>\n\n\n\n<h2 class=\"wp-block-heading\"><\/h2>\n","protected":false},"excerpt":{"rendered":"<p>TURNO MA\u00d1ANA Horario: 7:45 a 12:00 Bedel TM: Ayel\u00e9n Tello Preceptora TM:\u00a0Silvina Su\u00e1rez\u00a0\u00a0 \u00a0 \u00a0 \u00a0 \u00a0 \u00a0 \u00a0 \u00a0 \u00a0 \u00a0 \u00a0 \u00a0 \u00a0 \u00a0 \u00a0 \u00a0 \u00a0 \u00a0 \u00a0 \u00a0 \u00a0 \u00a0 \u00a0 \u00a0 \u00a0 \u00a0 \u00a0 \u00a0 \u00a0 \u00a0 \u00a0 \u00a0 \u00a0 \u00a0 \u00a0 \u00a0 \u00a0 \u00a0 \u00a0 \u00a0 \u00a0 \u00a0 \u00a0 &#8230; <a title=\"Bedel\u00eda\" class=\"read-more\" href=\"https:\/\/ens5-caba.infd.edu.ar\/sitio\/bedelia\/\" aria-label=\"More on Bedel\u00eda\">[+]<\/a><\/p>\n","protected":false},"author":1201,"featured_media":0,"parent":0,"menu_order":0,"comment_status":"closed","ping_status":"closed","template":"","meta":[],"acf":[],"_links":{"self":[{"href":"https:\/\/ens5-caba.infd.edu.ar\/sitio\/wp-json\/wp\/v2\/pages\/1072"}],"collection":[{"href":"https:\/\/ens5-caba.infd.edu.ar\/sitio\/wp-json\/wp\/v2\/pages"}],"about":[{"href":"https:\/\/ens5-caba.infd.edu.ar\/sitio\/wp-json\/wp\/v2\/types\/page"}],"author":[{"embeddable":true,"href":"https:\/\/ens5-caba.infd.edu.ar\/sitio\/wp-json\/wp\/v2\/users\/1201"}],"replies":[{"embeddable":true,"href":"https:\/\/ens5-caba.infd.edu.ar\/sitio\/wp-json\/wp\/v2\/comments?post=1072"}],"version-history":[{"count":344,"href":"https:\/\/ens5-caba.infd.edu.ar\/sitio\/wp-json\/wp\/v2\/pages\/1072\/revisions"}],"predecessor-version":[{"id":5917,"href":"https:\/\/ens5-caba.infd.edu.ar\/sitio\/wp-json\/wp\/v2\/pages\/1072\/revisions\/5917"}],"wp:attachment":[{"href":"https:\/\/ens5-caba.infd.edu.ar\/sitio\/wp-json\/wp\/v2\/media?parent=1072"}],"curies":[{"name":"wp","href":"https:\/\/api.w.org\/{rel}","templated":true}]}}