{"id":1060,"date":"2018-08-29T16:38:01","date_gmt":"2018-08-29T19:38:01","guid":{"rendered":"https:\/\/ens5-caba.infd.edu.ar\/sitio\/coordinaciones\/"},"modified":"2025-09-24T12:42:49","modified_gmt":"2025-09-24T15:42:49","slug":"coordinaciones","status":"publish","type":"page","link":"https:\/\/ens5-caba.infd.edu.ar\/sitio\/coordinaciones\/","title":{"rendered":"Coordinaciones &#8211; Consejo Acad\u00e9mico"},"content":{"rendered":"\n<figure class=\"wp-block-table alignleft is-style-stripes\"><table class=\"has-fixed-layout\"><thead><tr><th class=\"has-text-align-right\" data-align=\"right\">Campos<\/th><th class=\"has-text-align-left\" data-align=\"left\">Docentes                                          <\/th><th>correo electr\u00f3nico<\/th><\/tr><\/thead><tbody><tr><td class=\"has-text-align-right\" data-align=\"right\"><strong>Formaci\u00f3n General<\/strong><\/td><td class=\"has-text-align-left\" data-align=\"left\"><strong>TM<\/strong> Prof. Flavia <strong>Cerutti<\/strong>         <br>y<br><strong>TV<\/strong> a la brevedad      <\/td><td><strong>coordinacionfgens52020@gmail.com<\/strong><\/td><\/tr><tr><td class=\"has-text-align-right\" data-align=\"right\"><strong>Formaci\u00f3n Espec\u00edfica del Nivel Primario<\/strong><\/td><td class=\"has-text-align-left\" data-align=\"left\"><strong>TM<\/strong> Prof. Melina<strong> De Michelis<\/strong><br>y<br><strong>TV<\/strong> a la brevedad         <\/td><td><strong>cfepnormal5@gmail.com<\/strong><\/td><\/tr><tr><td class=\"has-text-align-right\" data-align=\"right\"><strong>Formaci\u00f3n Espec\u00edfica del Nivel Inicial<\/strong><\/td><td class=\"has-text-align-left\" data-align=\"left\"><strong>TM <\/strong>Prof. Marcela<strong> P\u00e9rez<\/strong>    <br>y<br><strong>TV <\/strong>Prof. Vanesa <strong>Plencovich<\/strong>  <\/td><td><strong>coordinacioninicialens5@gmail.com<\/strong><\/td><\/tr><tr><td class=\"has-text-align-right\" data-align=\"right\"><strong>Pr\u00e1cticas Docentes del Nivel Primario<\/strong><\/td><td class=\"has-text-align-left\" data-align=\"left\"><strong>TM\/TV<\/strong> Prof. Estela <strong>Gonz\u00e1lez<\/strong>     <\/td><td><strong>gonzalez.maria@bue.edu.ar<\/strong><\/td><\/tr><tr><td class=\"has-text-align-right\" data-align=\"right\"><strong>Pr\u00e1cticas Docentes del Nivel Inicial<\/strong><\/td><td class=\"has-text-align-left\" data-align=\"left\"><strong>TM<\/strong> Prof. Marcela <strong>Fern\u00e1ndez<\/strong> <br><strong>TV<\/strong> Prof. Laura <strong>Yomal<\/strong><\/td><td><strong><a rel=\"noreferrer noopener\" href=\"mailto:clamarfernandez@gmail.com\" target=\"_blank\">clamarf<\/a><\/strong><a rel=\"noreferrer noopener\" href=\"mailto:clamarfernandez@gmail.com\" target=\"_blank\"><strong>ernandez@gmail.com<\/strong><\/a><br><strong>laura.yomal@bue.edu.ar<\/strong><\/td><\/tr><\/tbody><\/table><\/figure>\n","protected":false},"excerpt":{"rendered":"<p>Campos Docentes correo electr\u00f3nico Formaci\u00f3n General TM Prof. Flavia Cerutti yTV a la brevedad coordinacionfgens52020@gmail.com Formaci\u00f3n Espec\u00edfica del Nivel Primario TM Prof. Melina De MichelisyTV a la brevedad cfepnormal5@gmail.com Formaci\u00f3n Espec\u00edfica del Nivel Inicial TM Prof. Marcela P\u00e9rez yTV Prof. Vanesa Plencovich coordinacioninicialens5@gmail.com Pr\u00e1cticas Docentes del Nivel Primario TM\/TV Prof. Estela Gonz\u00e1lez gonzalez.maria@bue.edu.ar Pr\u00e1cticas Docentes &#8230; <a title=\"Coordinaciones &#8211; Consejo Acad\u00e9mico\" class=\"read-more\" href=\"https:\/\/ens5-caba.infd.edu.ar\/sitio\/coordinaciones\/\" aria-label=\"More on Coordinaciones &#8211; Consejo Acad\u00e9mico\">[+]<\/a><\/p>\n","protected":false},"author":1201,"featured_media":0,"parent":0,"menu_order":0,"comment_status":"closed","ping_status":"closed","template":"","meta":[],"acf":[],"_links":{"self":[{"href":"https:\/\/ens5-caba.infd.edu.ar\/sitio\/wp-json\/wp\/v2\/pages\/1060"}],"collection":[{"href":"https:\/\/ens5-caba.infd.edu.ar\/sitio\/wp-json\/wp\/v2\/pages"}],"about":[{"href":"https:\/\/ens5-caba.infd.edu.ar\/sitio\/wp-json\/wp\/v2\/types\/page"}],"author":[{"embeddable":true,"href":"https:\/\/ens5-caba.infd.edu.ar\/sitio\/wp-json\/wp\/v2\/users\/1201"}],"replies":[{"embeddable":true,"href":"https:\/\/ens5-caba.infd.edu.ar\/sitio\/wp-json\/wp\/v2\/comments?post=1060"}],"version-history":[{"count":21,"href":"https:\/\/ens5-caba.infd.edu.ar\/sitio\/wp-json\/wp\/v2\/pages\/1060\/revisions"}],"predecessor-version":[{"id":5737,"href":"https:\/\/ens5-caba.infd.edu.ar\/sitio\/wp-json\/wp\/v2\/pages\/1060\/revisions\/5737"}],"wp:attachment":[{"href":"https:\/\/ens5-caba.infd.edu.ar\/sitio\/wp-json\/wp\/v2\/media?parent=1060"}],"curies":[{"name":"wp","href":"https:\/\/api.w.org\/{rel}","templated":true}]}}