{"id":1049,"date":"2018-08-29T16:37:58","date_gmt":"2018-08-29T19:37:58","guid":{"rendered":"https:\/\/ens5-caba.infd.edu.ar\/sitio\/datos-institucionales\/"},"modified":"2025-11-21T08:06:12","modified_gmt":"2025-11-21T11:06:12","slug":"datos-institucionales","status":"publish","type":"page","link":"https:\/\/ens5-caba.infd.edu.ar\/sitio\/datos-institucionales\/","title":{"rendered":"Datos institucionales"},"content":{"rendered":"<ul>\n<li style=\"list-style-type: none;\">\n<ul>\n<li>Escuela Normal Superior N\u00b0 5 \u00abGral. Don Mart\u00edn Miguel de G\u00fcemes\u00bb<\/li>\n<li>Arcamendia 743 (Edificio Central)<\/li>\n<li>Ciudad Aut\u00f3noma de Buenos Aires<\/li>\n<li>(011) 4301- 2992<\/li>\n<li><a href=\"mailto:ens5@bue.edu.ar\">ens5@bue.edu.ar<\/a><\/li>\n<li><a title=\"http:\/\/ens5.buenosaires.edu.ar\" href=\"http:\/\/ens5.buenosaires.edu.ar\">http:\/\/ens5.buenosaires.edu.ar<\/a><\/li>\n<\/ul>\n<\/li>\n<\/ul>\n<table border=\"1\" cellspacing=\"10\" cellpadding=\"5\" align=\"center\">\n<tbody>\n<tr>\n<td>\n<div style=\"text-align: left;\">Rector\u00eda:<\/div>\n<\/td>\n<td style=\"text-align: left;\"><a href=\"mailto:ens5_rectorado@bue.edu.ar\">ens5_rectorado@bue.edu.ar<\/a><\/td>\n<\/tr>\n<tr>\n<td>\n<div>Vice-Rector\u00eda:<\/div>\n<\/td>\n<td><a href=\"mailto:ens5_vicerrectorado@bue.edu.ar\">ens5_vicerrectorado@bue.edu.ar<\/a><\/td>\n<\/tr>\n<tr>\n<td width=\"50%\">\n<div>Secretar\u00eda:<\/div>\n<\/td>\n<td width=\"50%\"><a href=\"mailto:ens5@bue.edu.ar\">ens5@bue.edu.ar<\/a><\/td>\n<\/tr>\n<tr>\n<td width=\"50%\">\n<div>N. Inicial Direcci\u00f3n:<\/div>\n<\/td>\n<td width=\"50%\"><a href=\"mailto:ens5_nidireccion@bue.edu.ar\">ens5_nidireccion@bue.edu.ar<\/a><\/td>\n<\/tr>\n<tr>\n<td width=\"50%\">\n<div>N. Primaria Regencia:<\/div>\n<\/td>\n<td width=\"50%\"><a href=\"mailto:ens5_npregencia@bue.edu.ar\">ens5_npregencia@bue.edu.ar<\/a><\/td>\n<\/tr>\n<tr>\n<td>\n<div>N. Medio Direcci\u00f3n:<\/div>\n<\/td>\n<td><a href=\"mailto:ens5.nmdireccion@bue.edu.ar\">ens5.nmdireccion@bue.edu.ar<\/a><\/td>\n<\/tr>\n<tr>\n<td>\n<div>N. Medio Vice-Direcci\u00f3n:<\/div>\n<\/td>\n<td><a href=\"mailto:ens5_vicedireccion@bue.edu.ar\">ens5_vicedireccion@bue.edu.ar<\/a><\/td>\n<\/tr>\n<tr>\n<td width=\"50%\">\n<div>N. Terciario Regencia:<\/div>\n<\/td>\n<td width=\"50%\"><a href=\"mailto:ens5_ntregencia@bue.edu.ar\">ens5_ntregencia@bue.edu.ar<\/a><\/td>\n<\/tr>\n<tr>\n<td width=\"50%\">\n<div>Gesti\u00f3n de la Informaci\u00f3n:<\/div>\n<\/td>\n<td width=\"50%\"><a href=\"mailto:ens5de5_gestion@bue.edu.ar\">ens5de5_gestion@bue.edu.ar<\/a><\/td>\n<\/tr>\n<tr>\n<td style=\"text-align: left;\" width=\"50%\">\n<div>Asociaci\u00f3n Cooperadora:<\/div>\n<\/td>\n<td style=\"text-align: left;\" width=\"50%\"><a href=\"cooperadora.ens5de5@bue.edu.ar\">cooperadora.ens5de5@bue.edu.ar<\/a><\/td>\n<\/tr>\n<\/tbody>\n<\/table>\n<table border=\"1\" cellspacing=\"10\" cellpadding=\"5\">\n<tbody>\n<tr>\n<td width=\"50%\">\n<div>Secretar\u00eda:<\/div>\n<\/td>\n<td width=\"50%\">Arcamendia 743<\/p>\n<p>(011) 4301-9690<\/td>\n<\/tr>\n<tr>\n<td width=\"50%\">\n<div>Inicial:<\/div>\n<\/td>\n<td width=\"50%\">Arcamendia 719<\/p>\n<p>(011) 4301-2660<\/td>\n<\/tr>\n<tr>\n<td width=\"50%\">\n<div>Primaria:<\/div>\n<\/td>\n<td width=\"50%\">Arcamendia 793<\/p>\n<p>(011) 4301-2651<\/td>\n<\/tr>\n<tr>\n<td width=\"50%\">\n<div>Media:<\/div>\n<\/td>\n<td width=\"50%\">Arcamendia 743<\/p>\n<p>(011) 4302-6688<\/td>\n<\/tr>\n<tr>\n<td width=\"50%\">\n<div>Terciario:<\/div>\n<\/td>\n<td width=\"50%\">Cnel. Rico 751 esquina Su\u00e1rez<\/p>\n<p>(011) 4301-6688<\/td>\n<\/tr>\n<tr>\n<td>\n<div>Campo de Deportes :<\/div>\n<\/td>\n<td>Av. California 1855<\/p>\n<p>(011) 4301-4832<\/td>\n<\/tr>\n<\/tbody>\n<\/table>\n","protected":false},"excerpt":{"rendered":"<p>Escuela Normal Superior N\u00b0 5 \u00abGral. Don Mart\u00edn Miguel de G\u00fcemes\u00bb Arcamendia 743 (Edificio Central) Ciudad Aut\u00f3noma de Buenos Aires (011) 4301- 2992 ens5@bue.edu.ar http:\/\/ens5.buenosaires.edu.ar Rector\u00eda: ens5_rectorado@bue.edu.ar Vice-Rector\u00eda: ens5_vicerrectorado@bue.edu.ar Secretar\u00eda: ens5@bue.edu.ar N. Inicial Direcci\u00f3n: ens5_nidireccion@bue.edu.ar N. Primaria Regencia: ens5_npregencia@bue.edu.ar N. Medio Direcci\u00f3n: ens5.nmdireccion@bue.edu.ar N. Medio Vice-Direcci\u00f3n: ens5_vicedireccion@bue.edu.ar N. Terciario Regencia: ens5_ntregencia@bue.edu.ar Gesti\u00f3n de la Informaci\u00f3n: &#8230; <a title=\"Datos institucionales\" class=\"read-more\" href=\"https:\/\/ens5-caba.infd.edu.ar\/sitio\/datos-institucionales\/\" aria-label=\"More on Datos institucionales\">[+]<\/a><\/p>\n","protected":false},"author":1201,"featured_media":0,"parent":0,"menu_order":0,"comment_status":"closed","ping_status":"closed","template":"","meta":[],"acf":[],"_links":{"self":[{"href":"https:\/\/ens5-caba.infd.edu.ar\/sitio\/wp-json\/wp\/v2\/pages\/1049"}],"collection":[{"href":"https:\/\/ens5-caba.infd.edu.ar\/sitio\/wp-json\/wp\/v2\/pages"}],"about":[{"href":"https:\/\/ens5-caba.infd.edu.ar\/sitio\/wp-json\/wp\/v2\/types\/page"}],"author":[{"embeddable":true,"href":"https:\/\/ens5-caba.infd.edu.ar\/sitio\/wp-json\/wp\/v2\/users\/1201"}],"replies":[{"embeddable":true,"href":"https:\/\/ens5-caba.infd.edu.ar\/sitio\/wp-json\/wp\/v2\/comments?post=1049"}],"version-history":[{"count":11,"href":"https:\/\/ens5-caba.infd.edu.ar\/sitio\/wp-json\/wp\/v2\/pages\/1049\/revisions"}],"predecessor-version":[{"id":5856,"href":"https:\/\/ens5-caba.infd.edu.ar\/sitio\/wp-json\/wp\/v2\/pages\/1049\/revisions\/5856"}],"wp:attachment":[{"href":"https:\/\/ens5-caba.infd.edu.ar\/sitio\/wp-json\/wp\/v2\/media?parent=1049"}],"curies":[{"name":"wp","href":"https:\/\/api.w.org\/{rel}","templated":true}]}}